rs of 365804?
2, 109, 839
What are the prime factors of 423211?
97, 4363
What are the prime factors of 11230821?
3, 7, 89, 2003
List the prime factors of 251432.
2, 53, 593
List the prime factors of 1252843.
1252843
List the prime factors of 35802494.
2, 7, 13, 196717
List the prime factors of 1208757.
3, 11, 36629
List the prime factors of 276577.
7, 39511
What are the prime factors of 1653700?
2, 5, 23, 719
What are the prime factors of 429885?
3, 5, 41, 233
What are the prime factors of 5667974?
2, 13, 277, 787
List the prime factors of 51974.
2, 13, 1999
What are the prime factors of 1146885?
3, 5, 157, 487
List the prime factors of 20759934.
2, 3, 13, 266153
List the prime factors of 16014069.
3, 1779341
List the prime factors of 161160.
2, 3, 5, 17, 79
List the prime factors of 86470.
2, 5, 8647
List the prime factors of 21015863.
11, 43, 157, 283
List the prime factors of 166282.
2, 71, 1171
What are the prime factors of 12437225?
5, 443, 1123
List the prime factors of 292654.
2, 131, 1117
What are the prime factors of 29842144?
2, 932567
What are the prime factors of 23297646?
2, 3, 3882941
List the prime factors of 3256127.
7, 465161
List the prime factors of 31999905.
3, 5, 7, 29, 31, 113
List the prime factors of 520919.
7, 10631
List the prime factors of 196394.
2, 11, 79, 113
List the prime factors of 685978.
2, 342989
What are the prime factors of 8966012?
2, 11, 203773
List the prime factors of 903331.
11, 13, 6317
What are the prime factors of 2545452?
2, 3, 7, 13, 37
What are the prime factors of 113524?
2, 101, 281
What are the prime factors of 9248453?
1439, 6427
List the prime factors of 1109381.
7, 13, 73, 167
What are the prime factors of 5385052?
2, 97, 13879
What are the prime factors of 263620?
2, 5, 7, 269
List the prime factors of 382813.
382813
What are the prime factors of 3223875?
3, 5, 8597
List the prime factors of 9506956.
2, 31, 43, 1783
What are the prime factors of 7239526?
2, 7, 23, 22483
What are the prime factors of 26478252?
2, 3, 27241
What are the prime factors of 28495101?
3, 739, 12853
List the prime factors of 607219.
607219
What are the prime factors of 100611?
3, 7, 1597
List the prime factors of 18074667.
3, 13, 463453
What are the prime factors of 255542?
2, 7, 18253
What are the prime factors of 11772101?
11, 67, 15973
What are the prime factors of 3402081?
3, 97, 433
What are the prime factors of 474214?
2, 13, 23, 61
What are the prime factors of 7391062?
2, 7, 53, 1423
What are the prime factors of 29991006?
2, 3, 19, 29231
What are the prime factors of 710510?
2, 5, 227, 313
List the prime factors of 447328.
2, 7, 1997
What are the prime factors of 12198344?
2, 83, 18371
List the prime factors of 269346.
2, 3, 7, 11, 53
What are the prime factors of 73359?
3, 11, 13, 19
What are the prime factors of 5588621?
5588621
What are the prime factors of 6332661?
3, 37, 2113
What are the prime factors of 16084959?
3, 11, 487423
List the prime factors of 20038398.
2, 3, 353, 9461
List the prime factors of 372797.
372797
List the prime factors of 7649783.
7649783
What are the prime factors of 710756?
2, 137, 1297
List the prime factors of 300314.
2, 7, 19, 1129
List the prime factors of 88455.
3, 5, 5897
What are the prime factors of 14808700?
2, 5, 17, 31, 281
List the prime factors of 4569170.
2, 5, 521, 877
What are the prime factors of 185550?
2, 3, 5, 1237
List the prime factors of 46139.
29, 37, 43
List the prime factors of 511304.
2, 63913
List the prime factors of 663524.
2, 31, 5351
List the prime factors of 713481.
3, 103, 2309
List the prime factors of 945300.
2, 3, 5, 23, 137
List the prime factors of 380677.
11, 34607
List the prime factors of 354924.
2, 3, 9859
What are the prime factors of 3133519?
53, 59123
What are the prime factors of 370936?
2, 199, 233
List the prime factors of 1141522.
2, 41, 13921
What are the prime factors of 4636180?
2, 5, 231809
What are the prime factors of 28282503?
3, 9427501
What are the prime factors of 916311?
3, 11, 27767
List the prime factors of 267886.
2, 17, 7879
List the prime factors of 65487.
3, 83, 263
What are the prime factors of 30778531?
7, 23, 53, 3607
List the prime factors of 346223.
346223
What are the prime factors of 984328?
2, 41, 3001
What are the prime factors of 556410?
2, 3, 5, 17, 1091
What are the prime factors of 175864?
2, 13, 19, 89
What are the prime factors of 10748691?
3, 157, 7607
List the prime factors of 193584.
2, 3, 37, 109
List the prime factors of 625943.
625943
What are the prime factors of 19195?
5, 11, 349
What are the prime factors of 173920?
2, 5, 1087
List the prime factors of 154901.
191, 811
What are the prime factors of 699172?
2, 47, 3719
What are the prime factors of 34888768?
2, 347, 1571
List the prime factors of 208414.
2, 104207
List the prime factors of 3427316.
2, 877, 977
List the prime factors of 28858893.
3, 7, 47, 4177
What are the prime factors of 19551831?
3, 13, 457, 1097
What are the prime factors of 247284?
2, 3, 6869
List the prime factors of 222619.
222619
What are the prime factors of 728631?
3, 19, 4261
List the prime factors of 222879.
3, 74293
What are the prime factors of 845577?
3, 47, 1999
List the prime factors of 2895350.
2, 5, 79, 733
List the prime factors of 2102096.
2, 131381
List the prime factors of 12708851.
919, 13829
List the prime factors of 167249.
167249
List the prime factors of 2129757.
3, 7, 37, 2741
List the prime factors of 92921.
92921
What are the prime factors of 104581?
23, 4547
What are the prime factors of 3130012?
2, 47, 16649
What are the prime factors of 311545?
5, 13, 4793
What are the prime factors of 6229419?
3, 7, 31, 1367
List the prime factors of 2144168.
2, 13, 53, 389
List the prime factors of 30127820.
2, 5, 1506391
List the prime factors of 31288.
2, 3911
List the prime factors of 234642.
2, 3, 39107
List the prime factors of 248286.
2, 3, 41381
List the prime factors of 5359319.
7, 383, 1999
What are the prime factors of 9482425?
5, 19, 19963
What are the prime factors of 16890229?
61, 73, 3793
What are the prime factors of 26543718?
2, 3, 103, 139
What are the prime factors of 5551422?
2, 3, 925237
What are the prime factors of 4389205?
5, 23, 38167
What are the prime factors of 951222?
2, 3, 158537
What are the prime factors of 4229924?
2, 107, 9883
List the prime factors of 6732993.
3, 2244331
List the prime factors of 467447.
467447
List the prime factors of 12528277.
19, 181, 3643
What are the prime factors of 9076448?
2, 283639
What are the prime factors of 8163189?
3, 907021
List the prime factors of 224437.
103, 2179
List the prime factors of 1735025.
5, 69401
List the prime factors of 825566.
2, 7, 109, 541
List the prime factors of 1733036.
2, 433259
List the prime factors of 6882773.
17, 23, 29, 607
What are the prime factors of 216674?
2, 131, 827
What are the prime factors of 3826635?
3, 5, 337, 757
What are the prime factors of 34156336?
2, 263, 8117
What are the prime factors of 12522891?
3, 4174297
What are the prime factors of 3805277?
7, 543611
List the prime factors of 544952.
2, 17, 4007
What are the prime factors of 90742?
2, 59, 769
What are the prime factors of 198304?
2, 6197
What are the prime factors of 5467139?
2053, 2663
What are the prime factors of 182126?
2, 7, 13009
List the prime factors of 7857.
3, 97
What are the prime factors of 359436?
2, 3, 7, 11, 389
List the prime factors of 13439291.
23, 443, 1319
What are the prime factors of 22140862?
2, 29, 381739
What are the prime factors of 588333?
3, 196111
List the prime factors of 2615490.
2, 3, 5, 3229
List the prime factors of 3934412.
2, 17, 57859
What are the prime factors of 143421?
3, 47807
List the prime factors of 11483345.
5, 97, 23677
List the prime factors of 2490052.
2, 622513
List the prime factors of 156112.
2, 11, 887
List the prime factors of 419818.
2, 7, 157, 191
List the prime factors of 1106678.
2, 127, 4357
What are the prime factors of 220870?
2, 5, 13, 1699
What are the prime factors of 2274195?
3, 5, 7, 11, 179
List the prime factors of 212297.
212297
List the prime factors of 308484.
2, 3, 11, 19, 41
What are the prime factors of 388552?
2, 17, 2857
What are the prime factors of 1262090?
2, 5, 61, 2069
What are the prime factors of